{"id":387789,"date":"2017-10-07T21:58:03","date_gmt":"2017-10-07T19:58:03","guid":{"rendered":"https:\/\/puravida-estate.com\/port-andratx\/"},"modified":"2024-06-05T21:06:24","modified_gmt":"2024-06-05T19:06:24","slug":"port-andratx","status":"publish","type":"page","link":"https:\/\/puravida-estate.com\/es\/port-andratx\/","title":{"rendered":"Port Andratx"},"content":{"rendered":"<div class=\"wpb-content-wrapper\"><p>[vc_row][vc_column width=\u00bb1\/2&#8243;][vc_single_image image=\u00bb194&#8243; img_size=\u00bb540&#215;210&#8243;][\/vc_column][vc_column width=\u00bb1\/2&#8243;][vc_column_text]Palma de Mallorca, la \u00abPerla del Mediterr\u00e1neo\u00bb, es una ciudad muy vers\u00e1til y emocionante. Ya sea cultura, compras, relax, deportes, vida playera, vida nocturna o cualquier otra cosa que el visitante espere de una gran ciudad. Palma de Mallorca cumple todos los deseos&#8230;<br \/>\nLa capital de Mallorca est\u00e1 situada en la bah\u00eda de Badia de Palma, de 20 km de longitud. Vista desde el mar, la panor\u00e1mica de la ciudad parece el decorado de un teatro. La magn\u00edfica catedral de La Seu se divisa desde lejos. En Palma viven unas 400.000 personas, m\u00e1s de la mitad de la poblaci\u00f3n de Mallorca. Los palmesanos no s\u00f3lo viven del turismo. La administraci\u00f3n, los bancos, el aeropuerto y el puerto, as\u00ed como el comercio y la industria, ofrecen muchos puestos de trabajo.[\/vc_column_text][\/vc_column][\/vc_row][vc_row][vc_column]<div class=\"ult-spacer spacer-69f4b255d7a18\" data-id=\"69f4b255d7a18\" data-height=\"60\" data-height-mobile=\"60\" data-height-tab=\"60\" data-height-tab-portrait=\"\" data-height-mobile-landscape=\"\" style=\"clear:both;display:block;\"><\/div><div id=\"ultimate-heading-92069f4b255d7ac1\" class=\"uvc-heading ult-adjust-bottom-margin ultimate-heading-92069f4b255d7ac1 uvc-2101 \" data-hspacer=\"line_only\"  data-halign=\"center\" style=\"text-align:center\"><div class=\"uvc-main-heading ult-responsive\"  data-ultimate-target='.uvc-heading.ultimate-heading-92069f4b255d7ac1 h2'  data-responsive-json-new='{\"font-size\":\"\",\"line-height\":\"\"}' ><h2 style=\"font-weight:normal;\">El mercado inmobiliario<\/h2><\/div><div class=\"uvc-heading-spacer line_only\" style=\"margin-top:5px;margin-bottom:5px;height:1px;\"><span class=\"uvc-headings-line\" style=\"border-style:solid;border-bottom-width:1px;border-color:#007bbe;width:300px;\"><\/span><\/div><div class=\"uvc-sub-heading ult-responsive\"  data-ultimate-target='.uvc-heading.ultimate-heading-92069f4b255d7ac1 .uvc-sub-heading '  data-responsive-json-new='{\"font-size\":\"\",\"line-height\":\"\"}'  style=\"font-weight:normal;\">Campos de golf, vida nocturna y buenos precios<\/div><\/div><div class=\"ult-spacer spacer-69f4b255d7b56\" data-id=\"69f4b255d7b56\" data-height=\"15\" data-height-mobile=\"15\" data-height-tab=\"15\" data-height-tab-portrait=\"\" data-height-mobile-landscape=\"\" style=\"clear:both;display:block;\"><\/div>[\/vc_column][\/vc_row][vc_row][vc_column width=\u00bb1\/2&#8243;][vc_column_text]Palmas gro\u00dfartige Kathedrale aus dem 14. Jahrhundert ist unter dem Namen <em>La Seu<\/em> bekannt und als Wahrzeichen der mallorquinischen Hauptstadt ein absolutes Mu\u00df. Este impresionante edificio de arenisca dorada no tiene p\u00e9rdida: una de las estructuras g\u00f3ticas m\u00e1s altas de Europa, domina el <em>Parc de la Mar<\/em>, una vista \u00fanica para los que llegan por mar.<\/p>\n<p>[\/vc_column_text][\/vc_column][vc_column width=\u00bb1\/2&#8243;][vc_column_text]Esta catedral se construy\u00f3 en el emplazamiento de una mezquita que se alzaba junto al palacio real <em>La Almudaina<\/em> durante la dominaci\u00f3n \u00e1rabe. La historia de La Seu comenz\u00f3 cuando el rey Jaime I se dirig\u00eda a la isla: luchando contra un mar embravecido, su flota de barcos y marineros corr\u00edan gran peligro, el joven rey hizo el juramento de que construir\u00eda una enorme catedral si lograba expulsar las murallas de la isla. El \u00e9xito de su empresa iba a ser visible para todo el mundo.[\/vc_column_text][\/vc_column][\/vc_row]<\/p>\n<\/div>","protected":false},"excerpt":{"rendered":"<p>[vc_row][vc_column width=\u00bb1\/2&#8243;][vc_single_image image=\u00bb194&#8243; img_size=\u00bb540&#215;210&#8243;][\/vc_column][vc_column width=\u00bb1\/2&#8243;][vc_column_text]Palma de Mallorca, la \u00abPerla del Mediterr\u00e1neo\u00bb, es una ciudad muy vers\u00e1til y emocionante. Ya sea cultura, compras, relax, deportes, vida playera, vida nocturna o cualquier otra cosa que el visitante espere de una gran ciudad. Palma de Mallorca cumple todos los deseos&#8230; La capital de Mallorca est\u00e1 situada en la bah\u00eda de Badia de Palma, de 20 km de &#8230;<\/p>\n","protected":false},"author":1,"featured_media":0,"parent":0,"menu_order":113,"comment_status":"closed","ping_status":"closed","template":"","meta":{"_seopress_robots_primary_cat":"","_seopress_titles_title":"Comprar una propiedad en Port Andratx :: pura vida estate","_seopress_titles_desc":"Explore Palma de Mallorca, la perla del Mediterr\u00e1neo. Visite La Seu, una impresionante catedral del siglo XIV. \u00a1La ciudad cumple todos los deseos!","_seopress_robots_index":"","footnotes":""},"class_list":["post-387789","page","type-page","status-publish","hentry"],"_links":{"self":[{"href":"https:\/\/puravida-estate.com\/es\/wp-json\/wp\/v2\/pages\/387789","targetHints":{"allow":["GET"]}}],"collection":[{"href":"https:\/\/puravida-estate.com\/es\/wp-json\/wp\/v2\/pages"}],"about":[{"href":"https:\/\/puravida-estate.com\/es\/wp-json\/wp\/v2\/types\/page"}],"author":[{"embeddable":true,"href":"https:\/\/puravida-estate.com\/es\/wp-json\/wp\/v2\/users\/1"}],"replies":[{"embeddable":true,"href":"https:\/\/puravida-estate.com\/es\/wp-json\/wp\/v2\/comments?post=387789"}],"version-history":[{"count":0,"href":"https:\/\/puravida-estate.com\/es\/wp-json\/wp\/v2\/pages\/387789\/revisions"}],"wp:attachment":[{"href":"https:\/\/puravida-estate.com\/es\/wp-json\/wp\/v2\/media?parent=387789"}],"curies":[{"name":"wp","href":"https:\/\/api.w.org\/{rel}","templated":true}]}}

<div class="wpb-content-wrapper"><p>[vc_row][vc_column width=»1/2&#8243;][vc_single_image image=»194&#8243; img_size=»540&#215;210&#8243;][/vc_column][vc_column width=»1/2&#8243;][vc_column_text]Palma de Mallorca, la «Perla del Mediterráneo», es una ciudad muy versátil y emocionante. Ya sea cultura, compras, relax, deportes, vida playera, vida nocturna o cualquier otra cosa que el visitante espere de una gran ciudad. Palma de Mallorca cumple todos los deseos&#8230;<br />
La capital de Mallorca está situada en la bahía de Badia de Palma, de 20 km de longitud. Vista desde el mar, la panorámica de la ciudad parece el decorado de un teatro. La magnífica catedral de La Seu se divisa desde lejos. En Palma viven unas 400.000 personas, más de la mitad de la población de Mallorca. Los palmesanos no sólo viven del turismo. La administración, los bancos, el aeropuerto y el puerto, así como el comercio y la industria, ofrecen muchos puestos de trabajo.[/vc_column_text][/vc_column][/vc_row][vc_row][vc_column]<div class="ult-spacer spacer-69f4b255d7a18" data-id="69f4b255d7a18" data-height="60" data-height-mobile="60" data-height-tab="60" data-height-tab-portrait="" data-height-mobile-landscape="" style="clear:both;display:block;"></div><div id="ultimate-heading-92069f4b255d7ac1" class="uvc-heading ult-adjust-bottom-margin ultimate-heading-92069f4b255d7ac1 uvc-2101 " data-hspacer="line_only"  data-halign="center" style="text-align:center"><div class="uvc-main-heading ult-responsive"  data-ultimate-target='.uvc-heading.ultimate-heading-92069f4b255d7ac1 h2'  data-responsive-json-new='{"font-size":"","line-height":""}' ><h2 style="font-weight:normal;">El mercado inmobiliario</h2></div><div class="uvc-heading-spacer line_only" style="margin-top:5px;margin-bottom:5px;height:1px;"><span class="uvc-headings-line" style="border-style:solid;border-bottom-width:1px;border-color:#007bbe;width:300px;"></span></div><div class="uvc-sub-heading ult-responsive"  data-ultimate-target='.uvc-heading.ultimate-heading-92069f4b255d7ac1 .uvc-sub-heading '  data-responsive-json-new='{"font-size":"","line-height":""}'  style="font-weight:normal;">Campos de golf, vida nocturna y buenos precios</div></div><div class="ult-spacer spacer-69f4b255d7b56" data-id="69f4b255d7b56" data-height="15" data-height-mobile="15" data-height-tab="15" data-height-tab-portrait="" data-height-mobile-landscape="" style="clear:both;display:block;"></div>[/vc_column][/vc_row][vc_row][vc_column width=»1/2&#8243;][vc_column_text]Palmas großartige Kathedrale aus dem 14. Jahrhundert ist unter dem Namen <em>La Seu</em> bekannt und als Wahrzeichen der mallorquinischen Hauptstadt ein absolutes Muß. Este impresionante edificio de arenisca dorada no tiene pérdida: una de las estructuras góticas más altas de Europa, domina el <em>Parc de la Mar</em>, una vista única para los que llegan por mar.</p>
<p>[/vc_column_text][/vc_column][vc_column width=»1/2&#8243;][vc_column_text]Esta catedral se construyó en el emplazamiento de una mezquita que se alzaba junto al palacio real <em>La Almudaina</em> durante la dominación árabe. La historia de La Seu comenzó cuando el rey Jaime I se dirigía a la isla: luchando contra un mar embravecido, su flota de barcos y marineros corrían gran peligro, el joven rey hizo el juramento de que construiría una enorme catedral si lograba expulsar las murallas de la isla. El éxito de su empresa iba a ser visible para todo el mundo.[/vc_column_text][/vc_column][/vc_row]</p>
</div>

<p>[vc_row][vc_column width=»1/2&#8243;][vc_single_image image=»194&#8243; img_size=»540&#215;210&#8243;][/vc_column][vc_column width=»1/2&#8243;][vc_column_text]Palma de Mallorca, la «Perla del Mediterráneo», es una ciudad muy versátil y emocionante. Ya sea cultura, compras, relax, deportes, vida playera, vida nocturna o cualquier otra cosa que el visitante espere de una gran ciudad. Palma de Mallorca cumple todos los deseos&#8230; La capital de Mallorca está situada en la bahía de Badia de Palma, de 20 km de &#8230;</p>

Explore Palma de Mallorca, la perla del Mediterráneo. Visite La Seu, una impresionante catedral del siglo XIV. ¡La ciudad cumple todos los deseos!
